of 751?
751
List the prime factors of 3938.
2, 11, 179
List the prime factors of 1939.
7, 277
What are the prime factors of 629?
17, 37
What are the prime factors of 9879?
3, 37, 89
List the prime factors of 2859.
3, 953
What are the prime factors of 6296?
2, 787
What are the prime factors of 10117?
67, 151
List the prime factors of 10977.
3, 3659
List the prime factors of 129427.
29, 4463
What are the prime factors of 163094?
2, 81547
What are the prime factors of 1952?
2, 61
What are the prime factors of 2124?
2, 3, 59
List the prime factors of 449.
449
List the prime factors of 787.
787
What are the prime factors of 58209?
3, 19403
List the prime factors of 2210.
2, 5, 13, 17
What are the prime factors of 1391?
13, 107
What are the prime factors of 3498?
2, 3, 11, 53
What are the prime factors of 8966?
2, 4483
What are the prime factors of 1209?
3, 13, 31
What are the prime factors of 42254?
2, 37, 571
List the prime factors of 49548.
2, 3, 4129
List the prime factors of 2857.
2857
List the prime factors of 60297.
3, 101, 199
What are the prime factors of 36389?
36389
List the prime factors of 114222.
2, 3, 19037
List the prime factors of 26982.
2, 3, 1499
List the prime factors of 68120.
2, 5, 13, 131
List the prime factors of 2038.
2, 1019
What are the prime factors of 1408?
2, 11
What are the prime factors of 1094?
2, 547
List the prime factors of 33304.
2, 23, 181
What are the prime factors of 3872?
2, 11
List the prime factors of 5570.
2, 5, 557
List the prime factors of 29829.
3, 61, 163
List the prime factors of 617.
617
What are the prime factors of 40793?
19, 113
What are the prime factors of 263?
263
What are the prime factors of 3562?
2, 13, 137
What are the prime factors of 699?
3, 233
What are the prime factors of 36262?
2, 18131
What are the prime factors of 1509?
3, 503
What are the prime factors of 1712?
2, 107
What are the prime factors of 213?
3, 71
List the prime factors of 5168.
2, 17, 19
What are the prime factors of 646?
2, 17, 19
What are the prime factors of 31588?
2, 53, 149
What are the prime factors of 5057?
13, 389
What are the prime factors of 147036?
2, 3, 12253
List the prime factors of 182224.
2, 7, 1627
List the prime factors of 23.
23
What are the prime factors of 56950?
2, 5, 17, 67
List the prime factors of 23912.
2, 7, 61
List the prime factors of 51015.
3, 5, 19, 179
What are the prime factors of 162726?
2, 3, 37, 733
List the prime factors of 5995.
5, 11, 109
What are the prime factors of 15680?
2, 5, 7
What are the prime factors of 12948?
2, 3, 13, 83
List the prime factors of 1002.
2, 3, 167
List the prime factors of 21197.
11, 41, 47
What are the prime factors of 77682?
2, 3, 11, 107
List the prime factors of 72.
2, 3
List the prime factors of 21506.
2, 10753
List the prime factors of 32929.
13, 17, 149
What are the prime factors of 5227?
5227
What are the prime factors of 1444?
2, 19
What are the prime factors of 50292?
2, 3, 11, 127
What are the prime factors of 28219?
28219
What are the prime factors of 4804?
2, 1201
List the prime factors of 37182.
2, 3, 6197
List the prime factors of 627.
3, 11, 19
What are the prime factors of 12297?
3, 4099
List the prime factors of 1049.
1049
What are the prime factors of 5616?
2, 3, 13
List the prime factors of 6020.
2, 5, 7, 43
List the prime factors of 23181.
3, 7727
What are the prime factors of 4536?
2, 3, 7
List the prime factors of 4066.
2, 19, 107
List the prime factors of 143.
11, 13
What are the prime factors of 5446?
2, 7, 389
What are the prime factors of 2448?
2, 3, 17
What are the prime factors of 20289?
3, 6763
What are the prime factors of 24741?
3, 2749
What are the prime factors of 321?
3, 107
What are the prime factors of 3?
3
List the prime factors of 1595.
5, 11, 29
List the prime factors of 5927.
5927
What are the prime factors of 4289?
4289
What are the prime factors of 7677?
3, 853
List the prime factors of 7950.
2, 3, 5, 53
List the prime factors of 14222.
2, 13, 547
List the prime factors of 3449.
3449
What are the prime factors of 28655?
5, 11, 521
List the prime factors of 79245.
3, 5, 587
List the prime factors of 36466.
2, 18233
List the prime factors of 108869.
108869
What are the prime factors of 1494?
2, 3, 83
What are the prime factors of 113017?
113017
List the prime factors of 946.
2, 11, 43
List the prime factors of 503.
503
List the prime factors of 40311.
3, 1493
What are the prime factors of 68945?
5, 13789
What are the prime factors of 6742?
2, 3371
What are the prime factors of 122570?
2, 5, 7, 17, 103
What are the prime factors of 2033?
19, 107
What are the prime factors of 718?
2, 359
What are the prime factors of 9701?
89, 109
What are the prime factors of 425?
5, 17
List the prime factors of 51502.
2, 11, 2341
List the prime factors of 1034.
2, 11, 47
What are the prime factors of 49591?
101, 491
List the prime factors of 500.
2, 5
List the prime factors of 33402.
2, 3, 19, 293
What are the prime factors of 493?
17, 29
List the prime factors of 7632.
2, 3, 53
List the prime factors of 7746.
2, 3, 1291
List the prime factors of 5277.
3, 1759
What are the prime factors of 4196?
2, 1049
What are the prime factors of 34350?
2, 3, 5, 229
What are the prime factors of 2830?
2, 5, 283
What are the prime factors of 2108?
2, 17, 31
What are the prime factors of 11460?
2, 3, 5, 191
What are the prime factors of 2160?
2, 3, 5
What are the prime factors of 13698?
2, 3, 761
What are the prime factors of 21954?
2, 3, 3659
What are the prime factors of 15261?
3, 5087
What are the prime factors of 8156?
2, 2039
What are the prime factors of 10?
2, 5
What are the prime factors of 15763?
11, 1433
List the prime factors of 37.
37
What are the prime factors of 6627?
3, 47
What are the prime factors of 20040?
2, 3, 5, 167
What are the prime factors of 599?
599
What are the prime factors of 9159?
3, 43, 71
What are the prime factors of 27036?
2, 3, 751
List the prime factors of 787.
787
List the prime factors of 9977.
11, 907
List the prime factors of 418.
2, 11, 19
What are the prime factors of 2582?
2, 1291
List the prime factors of 9453.
3, 23, 137
What are the prime factors of 36386?
2, 7, 23, 113
What are the prime factors of 24807?
3, 8269
List the prime factors of 22294.
2, 71, 157
List the prime factors of 1944.
2, 3
List the prime factors of 2062.
2, 1031
List the prime factors of 21811.
17, 1283
List the prime factors of 25701.
3, 13, 659
List the prime factors of 6836.
2, 1709
What are the prime factors of 808?
2, 101
List the prime factors of 8988.
2, 3, 7, 107
List the prime factors of 3456.
2, 3
What are the prime factors of 2346?
2, 3, 17, 23
List the prime factors of 144870.
2, 3, 5, 11, 439
What are the prime factors of 1631?
7, 233
List the prime factors of 41941.
41941
What are the prime factors of 49193?
49193
What are the prime factors of 38483?
29, 1327
List the prime factors of 2974.
2, 1487
List the prime factors of 178.
2, 89
List the prime factors of 65262.
2, 3, 73, 149
List the prime factors of 19666.
2, 9833
List the prime factors of 1029.
3, 7
List the prime factors of 10469.
19, 29
List the prime factors of 13736.
2, 17, 101
List the prime factors of 952.
2, 7, 17
What are the prime factors of 2276?
2, 569
List the prime factors of 3244.
2, 811
What are the prime factors of 18126?
2, 3, 19, 53
What are the prime factors of 45759?
3, 7, 2179
What are the prime factors of 1944?
2, 3
What are the prime factors of 2933?
7, 419
List the prime factors of 2243.
2243
What are the prime factors of 471?
3, 157
What are the prime factors of 915?
3, 5, 61
List the prime factors of 207.
3, 23
List the prime factors of 87465.
3, 5, 7, 17
What are the prime factors of 975?
3, 5, 13
List the prime factors of 158269.
158269
What are the prime factors of 31353?
3, 7, 1493
What are the prime factors of 85558?
2, 11, 3889
What are the prime factors of 1079?
13, 83
What are the prime factors of 1792?
2, 7
What are the prime factors of 14479?
14479
What are the prime factors of 2741?
2741
What are the prime factors of 240?
2, 3, 5
List the prime factors of 1198.
2, 599
What are the prime factors of 2390?
2, 5, 239
What are the prime factors of 760?
2, 5, 19
What are the prime factors of 2195?
5, 439
List the prime factor